{"id":1303,"date":"2016-09-22T13:03:34","date_gmt":"2016-09-22T13:03:34","guid":{"rendered":"http:\/\/superfood.elated-themes.com\/?page_id=1303"},"modified":"2022-05-20T21:35:24","modified_gmt":"2022-05-20T21:35:24","slug":"only-water-agua-carton-vegetal","status":"publish","type":"page","link":"https:\/\/phresh.com.do\/index.php\/only-water-agua-carton-vegetal\/","title":{"rendered":"OnlyWater"},"content":{"rendered":"<p>[vc_row css=&#8221;.vc_custom_1484220390430{padding-bottom: 14px !important;}&#8221;][vc_column css=&#8221;.vc_custom_1474295111708{padding-top: 0px !important;}&#8221;][vc_row_inner row_content_width=&#8221;grid&#8221;][vc_column_inner offset=&#8221;vc_col-lg-7&#8243;]<div class=\"eltdf-elements-holder eltdf-responsive-mode-768\" ><div class=\"eltdf-eh-item \" data-item-class=\"eltdf-eh-custom-910484\" data-768-1024=\"120px 15% 8% 0%\" data-480=\"120px 0% 14% 0%\" >\n\t<div class=\"eltdf-eh-item-inner\" >\n\t\t<div class=\"eltdf-eh-item-content eltdf-eh-custom-910484\" style=\"padding: 120px 15% 14% 0%\">\n\t\t\t[vc_custom_heading text=&#8221;OnlyWater&#8221; font_container=&#8221;tag:h2|font_size:30px|text_align:left|color:%23363636|line_height:34px&#8221; google_fonts=&#8221;font_family:Signika%3A300%2Cregular%2C600%2C700|font_style:700%20bold%20regular%3A700%3Anormal&#8221;][vc_column_text]OnlyWater es la primera agua en cart\u00f3n en el Caribe y Centroam\u00e9rica, con un envase de 76% de origen vegetal, es un agua mineral natural de manantial, extra\u00edda y envasada en Rep\u00fablica Dominicana. OnlyWater cuenta con un PH balanceado de 7~7.5 y un perfil completo de minerales.[\/vc_column_text][vc_empty_space height=&#8221;35&#8243;]<a itemprop=\"url\" href=\"https:\/\/www.instagram.com\/onlywater_rd\" target=\"_self\" style=\"color: #ffffff;background-color: #86e4ff;border-color: #86e4ff\" class=\"eltdf-btn eltdf-btn-medium eltdf-btn-solid eltdf-btn-animation\"  >\n    <span class=\"eltdf-btn-text\">\n    CONOCE M\u00c1S        \t<span class=\"eltdf-btn-bottom-line\"><\/span>\n    \t<span class=\"eltdf-btn-upper-line\"><\/span>\n        <\/span>\n    <\/a>\t\t<\/div>\n\t<\/div>\n<\/div><\/div>[\/vc_column_inner][vc_column_inner offset=&#8221;vc_col-lg-5&#8243;]<div class=\"eltdf-elements-holder eltdf-responsive-mode-768\" ><div class=\"eltdf-eh-item eltdf-horizontal-alignment-right\" data-item-class=\"eltdf-eh-custom-256505\" data-1024-1280=\"21% 0% 10% 0%\" data-768-1024=\"0% 19% 10% 0%\" data-600-768=\"5% 12% 10% 0%\" data-480=\"11% 0% 20% 0%\" >\n\t<div class=\"eltdf-eh-item-inner\" >\n\t\t<div class=\"eltdf-eh-item-content eltdf-eh-custom-256505\" style=\"padding: 11% 0% 10% 0%\">\n\t\t\t<div class=\"eltdf-animation-holder eltdf-fade-in-down\" data-animation=\"eltdf-fade-in-down\" data-animation-delay=\"500\"><div class=\"eltdf-animation-inner\">[vc_single_image image=&#8221;8704&#8243; img_size=&#8221;full&#8221; alignment=&#8221;right&#8221;]<\/div><\/div>\t\t<\/div>\n\t<\/div>\n<\/div><\/div>[\/vc_column_inner][\/vc_row_inner][\/vc_column][\/vc_row][vc_row][vc_column]<div class=\"eltdf-image-gallery\">\n\t<div class=\"eltdf-ig-slider \" data-number-of-visible-items=\"4\" data-autoplay=\"3\" data-animation=\"slide\" data-navigation=\"no\" data-pagination=\"no\">\n\t\t\t\t\t\t<a class=\"eltdf-ig-lightbox\" href=\"https:\/\/phresh.com.do\/wp-content\/uploads\/2021\/08\/5.png\" data-rel=\"prettyPhoto[single_pretty_photo]\" title=\"5\">\n\t\t\t\t\t\t\t\t\t\t\t\t<img loading=\"lazy\" decoding=\"async\" width=\"1600\" height=\"1200\" src=\"https:\/\/phresh.com.do\/wp-content\/uploads\/2021\/08\/5.png\" class=\"attachment-full size-full\" alt=\"\" srcset=\"https:\/\/phresh.com.do\/wp-content\/uploads\/2021\/08\/5.png 1600w, https:\/\/phresh.com.do\/wp-content\/uploads\/2021\/08\/5-300x225.png 300w, https:\/\/phresh.com.do\/wp-content\/uploads\/2021\/08\/5-1024x768.png 1024w, https:\/\/phresh.com.do\/wp-content\/uploads\/2021\/08\/5-768x576.png 768w, https:\/\/phresh.com.do\/wp-content\/uploads\/2021\/08\/5-1536x1152.png 1536w, https:\/\/phresh.com.do\/wp-content\/uploads\/2021\/08\/5-800x600.png 800w, https:\/\/phresh.com.do\/wp-content\/uploads\/2021\/08\/5-600x450.png 600w\" sizes=\"auto, (max-width: 1600px) 100vw, 1600px\" \/>\t\t\t\t\t\t\t\t\t\t\t<div class=\"eltdf-image-gallery-overlay\"><\/div>\n\t\t\t\t<\/a>\n\t\t\t\t\t\t\t<a class=\"eltdf-ig-lightbox\" href=\"https:\/\/phresh.com.do\/wp-content\/uploads\/2021\/08\/4.png\" data-rel=\"prettyPhoto[single_pretty_photo]\" title=\"4\">\n\t\t\t\t\t\t\t\t\t\t\t\t<img loading=\"lazy\" decoding=\"async\" width=\"1600\" height=\"1200\" src=\"https:\/\/phresh.com.do\/wp-content\/uploads\/2021\/08\/4.png\" class=\"attachment-full size-full\" alt=\"\" srcset=\"https:\/\/phresh.com.do\/wp-content\/uploads\/2021\/08\/4.png 1600w, https:\/\/phresh.com.do\/wp-content\/uploads\/2021\/08\/4-300x225.png 300w, https:\/\/phresh.com.do\/wp-content\/uploads\/2021\/08\/4-1024x768.png 1024w, https:\/\/phresh.com.do\/wp-content\/uploads\/2021\/08\/4-768x576.png 768w, https:\/\/phresh.com.do\/wp-content\/uploads\/2021\/08\/4-1536x1152.png 1536w, https:\/\/phresh.com.do\/wp-content\/uploads\/2021\/08\/4-800x600.png 800w, https:\/\/phresh.com.do\/wp-content\/uploads\/2021\/08\/4-600x450.png 600w\" sizes=\"auto, (max-width: 1600px) 100vw, 1600px\" \/>\t\t\t\t\t\t\t\t\t\t\t<div class=\"eltdf-image-gallery-overlay\"><\/div>\n\t\t\t\t<\/a>\n\t\t\t\t\t\t\t<a class=\"eltdf-ig-lightbox\" href=\"https:\/\/phresh.com.do\/wp-content\/uploads\/2021\/08\/3.png\" data-rel=\"prettyPhoto[single_pretty_photo]\" title=\"3\">\n\t\t\t\t\t\t\t\t\t\t\t\t<img loading=\"lazy\" decoding=\"async\" width=\"1600\" height=\"1200\" src=\"https:\/\/phresh.com.do\/wp-content\/uploads\/2021\/08\/3.png\" class=\"attachment-full size-full\" alt=\"\" srcset=\"https:\/\/phresh.com.do\/wp-content\/uploads\/2021\/08\/3.png 1600w, https:\/\/phresh.com.do\/wp-content\/uploads\/2021\/08\/3-300x225.png 300w, https:\/\/phresh.com.do\/wp-content\/uploads\/2021\/08\/3-1024x768.png 1024w, https:\/\/phresh.com.do\/wp-content\/uploads\/2021\/08\/3-768x576.png 768w, https:\/\/phresh.com.do\/wp-content\/uploads\/2021\/08\/3-1536x1152.png 1536w, https:\/\/phresh.com.do\/wp-content\/uploads\/2021\/08\/3-800x600.png 800w, https:\/\/phresh.com.do\/wp-content\/uploads\/2021\/08\/3-600x450.png 600w\" sizes=\"auto, (max-width: 1600px) 100vw, 1600px\" \/>\t\t\t\t\t\t\t\t\t\t\t<div class=\"eltdf-image-gallery-overlay\"><\/div>\n\t\t\t\t<\/a>\n\t\t\t\t\t\t\t<a class=\"eltdf-ig-lightbox\" href=\"https:\/\/phresh.com.do\/wp-content\/uploads\/2021\/08\/1.png\" data-rel=\"prettyPhoto[single_pretty_photo]\" title=\"1\">\n\t\t\t\t\t\t\t\t\t\t\t\t<img loading=\"lazy\" decoding=\"async\" width=\"1600\" height=\"1200\" src=\"https:\/\/phresh.com.do\/wp-content\/uploads\/2021\/08\/1.png\" class=\"attachment-full size-full\" alt=\"\" srcset=\"https:\/\/phresh.com.do\/wp-content\/uploads\/2021\/08\/1.png 1600w, https:\/\/phresh.com.do\/wp-content\/uploads\/2021\/08\/1-300x225.png 300w, https:\/\/phresh.com.do\/wp-content\/uploads\/2021\/08\/1-1024x768.png 1024w, https:\/\/phresh.com.do\/wp-content\/uploads\/2021\/08\/1-768x576.png 768w, https:\/\/phresh.com.do\/wp-content\/uploads\/2021\/08\/1-1536x1152.png 1536w, https:\/\/phresh.com.do\/wp-content\/uploads\/2021\/08\/1-800x600.png 800w, https:\/\/phresh.com.do\/wp-content\/uploads\/2021\/08\/1-600x450.png 600w\" sizes=\"auto, (max-width: 1600px) 100vw, 1600px\" \/>\t\t\t\t\t\t\t\t\t\t\t<div class=\"eltdf-image-gallery-overlay\"><\/div>\n\t\t\t\t<\/a>\n\t\t\t\t<\/div>\n<\/div>[vc_row_inner row_content_width=&#8221;grid&#8221;][vc_column_inner offset=&#8221;vc_col-lg-7&#8243;]<div class=\"eltdf-elements-holder eltdf-responsive-mode-768\" ><div class=\"eltdf-eh-item \" data-item-class=\"eltdf-eh-custom-628792\" data-768-1024=\"120px 15% 8% 0%\" data-480=\"120px 0% 14% 0%\" >\n\t<div class=\"eltdf-eh-item-inner\" >\n\t\t<div class=\"eltdf-eh-item-content eltdf-eh-custom-628792\" style=\"padding: 120px 15% 14% 0%\">\n\t\t\t[vc_custom_heading text=&#8221;Marcas Privadas&#8221; font_container=&#8221;tag:h2|font_size:30px|text_align:left|color:%23363636|line_height:34px&#8221; google_fonts=&#8221;font_family:Signika%3A300%2Cregular%2C600%2C700|font_style:700%20bold%20regular%3A700%3Anormal&#8221;][vc_column_text]La personalizaci\u00f3n de los envases es uno de nuestros valores agregados m\u00e1s poderosos, siento esta un veh\u00edculo promocional valioso para las marcas.[\/vc_column_text][vc_empty_space height=&#8221;35&#8243;]<a itemprop=\"url\" href=\"mailto:contacto@phresh.com.do\" target=\"_self\" style=\"color: #ffffff;background-color: #86e4ff;border-color: #86e4ff\" class=\"eltdf-btn eltdf-btn-medium eltdf-btn-solid eltdf-btn-animation\"  >\n    <span class=\"eltdf-btn-text\">\n    COTIZA CON NOSTROS        \t<span class=\"eltdf-btn-bottom-line\"><\/span>\n    \t<span class=\"eltdf-btn-upper-line\"><\/span>\n        <\/span>\n    <\/a>\t\t<\/div>\n\t<\/div>\n<\/div><\/div>[\/vc_column_inner][vc_column_inner offset=&#8221;vc_col-lg-5&#8243;]<div class=\"eltdf-elements-holder eltdf-responsive-mode-768\" ><div class=\"eltdf-eh-item eltdf-horizontal-alignment-right\" data-item-class=\"eltdf-eh-custom-444786\" data-1024-1280=\"21% 0% 10% 0%\" data-768-1024=\"0% 19% 10% 0%\" data-600-768=\"5% 12% 10% 0%\" data-480=\"11% 0% 20% 0%\" >\n\t<div class=\"eltdf-eh-item-inner\" >\n\t\t<div class=\"eltdf-eh-item-content eltdf-eh-custom-444786\" style=\"padding: 11% 0% 10% 0%\">\n\t\t\t<div class=\"eltdf-animation-holder eltdf-fade-in-down\" data-animation=\"eltdf-fade-in-down\" data-animation-delay=\"500\"><div class=\"eltdf-animation-inner\">[vc_single_image image=&#8221;8708&#8243; img_size=&#8221;full&#8221; alignment=&#8221;right&#8221;]<\/div><\/div>\t\t<\/div>\n\t<\/div>\n<\/div><\/div>[\/vc_column_inner][\/vc_row_inner][\/vc_column][\/vc_row]<\/p>\n","protected":false},"excerpt":{"rendered":"<p>[vc_row css=&#8221;.vc_custom_1484220390430{padding-bottom: 14px !important;}&#8221;][vc_column css=&#8221;.vc_custom_1474295111708{padding-top: 0px !important;}&#8221;][vc_row_inner row_content_width=&#8221;grid&#8221;][vc_column_inner offset=&#8221;vc_col-lg-7&#8243;][\/vc_column_inner][vc_column_inner offset=&#8221;vc_col-lg-5&#8243;][\/vc_column_inner][\/vc_row_inner][\/vc_column][\/vc_row][vc_row][vc_column][vc_row_inner row_content_width=&#8221;grid&#8221;][vc_column_inner offset=&#8221;vc_col-lg-7&#8243;][\/vc_column_inner][vc_column_inner offset=&#8221;vc_col-lg-5&#8243;][\/vc_column_inner][\/vc_row_inner][\/vc_column][\/vc_row]<\/p>\n","protected":false},"author":1,"featured_media":0,"parent":0,"menu_order":0,"comment_status":"closed","ping_status":"closed","template":"full-width.php","meta":{"footnotes":""},"class_list":["post-1303","page","type-page","status-publish","hentry"],"_links":{"self":[{"href":"https:\/\/phresh.com.do\/index.php\/wp-json\/wp\/v2\/pages\/1303","targetHints":{"allow":["GET"]}}],"collection":[{"href":"https:\/\/phresh.com.do\/index.php\/wp-json\/wp\/v2\/pages"}],"about":[{"href":"https:\/\/phresh.com.do\/index.php\/wp-json\/wp\/v2\/types\/page"}],"author":[{"embeddable":true,"href":"https:\/\/phresh.com.do\/index.php\/wp-json\/wp\/v2\/users\/1"}],"replies":[{"embeddable":true,"href":"https:\/\/phresh.com.do\/index.php\/wp-json\/wp\/v2\/comments?post=1303"}],"version-history":[{"count":9,"href":"https:\/\/phresh.com.do\/index.php\/wp-json\/wp\/v2\/pages\/1303\/revisions"}],"predecessor-version":[{"id":8716,"href":"https:\/\/phresh.com.do\/index.php\/wp-json\/wp\/v2\/pages\/1303\/revisions\/8716"}],"wp:attachment":[{"href":"https:\/\/phresh.com.do\/index.php\/wp-json\/wp\/v2\/media?parent=1303"}],"curies":[{"name":"wp","href":"https:\/\/api.w.org\/{rel}","templated":true}]}}